inder when 84 is divided by 31.
22
What is the remainder when 905 is divided by 135?
95
Calculate the remainder when 54 is divided by 5.
4
Calculate the remainder when 556 is divided by 22.
6
What is the remainder when 155 is divided by 48?
11
What is the remainder when 491 is divided by 45?
41
What is the remainder when 11127 is divided by 70?
67
What is the remainder when 143 is divided by 15?
8
What is the remainder when 705 is divided by 12?
9
Calculate the remainder when 336 is divided by 4.
0
Calculate the remainder when 93 is divided by 26.
15
Calculate the remainder when 41847 is divided by 310.
307
What is the remainder when 1866 is divided by 75?
66
Calculate the remainder when 26204 is divided by 117.
113
Calculate the remainder when 16124 is divided by 192.
188
Calculate the remainder when 3221 is divided by 113.
57
What is the remainder when 298 is divided by 38?
32
Calculate the remainder when 167 is divided by 105.
62
Calculate the remainder when 897 is divided by 179.
2
What is the remainder when 23248 is divided by 150?
148
What is the remainder when 31 is divided by 8?
7
What is the remainder when 158 is divided by 29?
13
What is the remainder when 64 is divided by 28?
8
What is the remainder when 717 is divided by 45?
42
Calculate the remainder when 226 is divided by 10.
6
Calculate the remainder when 372 is divided by 50.
22
What is the remainder when 11655 is divided by 87?
84
Calculate the remainder when 365 is divided by 138.
89
What is the remainder when 1726 is divided by 24?
22
Calculate the remainder when 817 is divided by 205.
202
What is the remainder when 80 is divided by 4?
0
Calculate the remainder when 123 is divided by 46.
31
Calculate the remainder when 134 is divided by 48.
38
Calculate the remainder when 269 is divided by 249.
20
What is the remainder when 925 is divided by 925?
0
Calculate the remainder when 187 is divided by 65.
57
Calculate the remainder when 739 is divided by 124.
119
What is the remainder when 318 is divided by 17?
12
Calculate the remainder when 96 is divided by 32.
0
What is the remainder when 39 is divided by 29?
10
Calculate the remainder when 43 is divided by 2.
1
Calculate the remainder when 679 is divided by 69.
58
What is the remainder when 92 is divided by 16?
12
What is the remainder when 1030 is divided by 12?
10
Calculate the remainder when 816 is divided by 117.
114
Calculate the remainder when 421 is divided by 216.
205
What is the remainder when 9 is divided by 6?
3
What is the remainder when 308 is divided by 39?
35
What is the remainder when 851 is divided by 45?
41
What is the remainder when 698 is divided by 18?
14
Calculate the remainder when 619 is divided by 69.
67
Calculate the remainder when 2551 is divided by 71.
66
Calculate the remainder when 134 is divided by 88.
46
What is the remainder when 680 is divided by 112?
8
Calculate the remainder when 2631 is divided by 154.
13
What is the remainder when 38 is divided by 17?
4
Calculate the remainder when 229 is divided by 225.
4
Calculate the remainder when 55 is divided by 15.
10
What is the remainder when 17478 is divided by 40?
38
What is the remainder when 423 is divided by 209?
5
Calculate the remainder when 845 is divided by 54.
35
What is the remainder when 314 is divided by 35?
34
Calculate the remainder when 363 is divided by 61.
58
Calculate the remainder when 2753 is divided by 9.
8
Calculate the remainder when 6106 is divided by 50.
6
What is the remainder when 5222 is divided by 55?
52
What is the remainder when 657 is divided by 25?
7
Calculate the remainder when 494 is divided by 102.
86
What is the remainder when 44 is divided by 18?
8
Calculate the remainder when 34 is divided by 19.
15
What is the remainder when 1727 is divided by 173?
170
What is the remainder when 6893 is divided by 9?
8
What is the remainder when 2856 is divided by 38?
6
What is the remainder when 568 is divided by 55?
18
Calculate the remainder when 962 is divided by 239.
6
What is the remainder when 189 is divided by 13?
7
What is the remainder when 1379 is divided by 137?
9
What is the remainder when 116 is divided by 12?
8
Calculate the remainder when 10299 is divided by 10.
9
Calculate the remainder when 16699 is divided by 261.
256
What is the remainder when 51 is divided by 16?
3
What is the remainder when 531 is divided by 19?
18
What is the remainder when 142 is divided by 26?
12
Calculate the remainder when 61 is divided by 32.
29
Calculate the remainder when 21 is divided by 20.
1
What is the remainder when 3904 is divided by 772?
44
What is the remainder when 134 is divided by 14?
8
Calculate the remainder when 7915 is divided by 39.
37
What is the remainder when 99 is divided by 55?
44
Calculate the remainder when 237 is divided by 31.
20
What is the remainder when 6799 is divided by 84?
79
Calculate the remainder when 160 is divided by 24.
16
Calculate the remainder when 75 is divided by 30.
15
Calculate the remainder when 195 is divided by 50.
45
Calculate the remainder when 321 is divided by 17.
15
Calculate the remainder when 68 is divided by 38.
30
Calculate the remainder when 25 is divided by 2.
1
Calculate the remainder when 536 is divided by 90.
86
What is the remainder when 508 is divided by 252?
4
What is the remainder when 109 is divided by 16?
13
Calculate the remainder when 703 is divided by 47.
45
What is the remainder when 88 is divided by 46?
42
What is the remainder when 416 is divided by 14?
10
What is the remainder when 210 is divided by 37?
25
What is the remainder when 1131 is divided by 30?
21
What is the remainder when 131 is divided by 40?
11
What is the remainder when 82401 is divided by 189?
186
What is the remainder when 714 is divided by 72?
66
What is the remainder when 10671 is divided by 3557?
0
What is the remainder when 330 is divided by 67?
62
Calculate the remainder when 35 is divided by 10.
5
Calculate the remainder when 1497 is divided by 495.
12
Calculate the remainder when 493 is divided by 13.
12
What is the remainder when 13152 is divided by 22?
18
What is the remainder when 211 is divided by 75?
61
Calculate the remainder when 537 is divided by 174.
15
What is the remainder when 8051 is divided by 106?
101
Calculate the remainder when 411 is divided by 23.
20
What is the remainder when 509 is divided by 32?
29
What is the remainder when 1643 is divided by 34?
11
What is the remainder when 369 is divided by 32?
17
Calculate the remainder when 1358 is divided by 68.
66
What is the remainder when 587 is divided by 98?
97
What is the remainder when 517 is divided by 40?
37
Calculate the remainder when 219 is divided by 96.
27
Calculate the remainder when 1016 is divided by 64.
56
What is the remainder when 587 is divided by 24?
11
Calculate the remainder when 277 is divided by 56.
53
What is the remainder when 120 is divided by 70?
50
What is the remainder when 306 is divided by 98?
12
What is the remainder when 826 is divided by 220?
166
Calculate the remainder when 126 is divided by 16.
14
Calculate the remainder when 72 is divided by 14.
2
Calculate the remainder when 77 is divided by 21.
14
Calculate the remainder when 320 is divided by 23.
21
What is the remainder when 6713 is divided by 18?
17
Calculate the remainder when 13 is divided by 7.
6
What is the remainder when 220 is divided by 66?
22
Calculate the remainder when 2406 is divided by 73.
70
Calculate the remainder when 721 is divided by 94.
63
Calculate the remainder when 660 is divided by 165.
0
Calculate the remainder when 2122 is divided by 88.
10
What is the remainder when 92 is divided by 48?
44
What is the remainder when 6703 is divided by 91?
60
What is the remainder when 429 is divided by 24?
21
What is the remainder when 2465 is divided by 52?
21
Calculate the remainder when 3777 is divided by 7.
4
Calculate the remainder when 414 is divided by 30.
24
What is the remainder when 32 is divided by 5?
2
What is the remainder when 620 is divided by 3?
2
What is the remainder when 84 is divided by 61?
23
What is the remainder when 9323 is divided by 14?
13
Calculate the remainder when 2578 is divided by 9.
4
What is the remainder when 9166 is divided by 24?
22
What is the remainder when 8399 is divided b